{"id":6,"date":"2016-10-10T12:28:33","date_gmt":"2016-10-10T10:28:33","guid":{"rendered":"http:\/\/www.theatretoujoursalhorizon.com\/?page_id=6"},"modified":"2021-11-08T12:53:26","modified_gmt":"2021-11-08T11:53:26","slug":"theatre-toujours-a-lhorizontal-demenageur-demenagement-visa-chine-visa-inde-visa-vietnam-visa-russie-croisiere-safari-afrique-garde-meubles-viager","status":"publish","type":"page","link":"https:\/\/www.theatretoujoursalhorizon.com\/","title":{"rendered":"Th\u00e9atre toujours \u00e0 l&rsquo;horizontal"},"content":{"rendered":"<h2>Pourquoi aller au th\u00e9\u00e2tre ?<\/h2>\n<p>&nbsp;<\/p>\n<p><img loading=\"lazy\" class=\"alignright size-full wp-image-9\" src=\"http:\/\/www.theatretoujoursalhorizon.com\/wp-content\/uploads\/2016\/10\/6.jpeg.jpg\" alt=\"6.jpeg\" width=\"241\" height=\"209\" \/>Un th\u00e9\u00e2tre est un spectacle o\u00f9 il y a illusion de v\u00e9rit\u00e9. Il se passe dans un endroit sp\u00e9cialement am\u00e9nager pour les repr\u00e9sentations. Ceci permet \u00e0 tous les spectateurs de vivre des \u00e9v\u00e8nements qui sont mis en action par les acteurs. Jou\u00e9 par des professionnels pour accentuer la vraisemblance, un th\u00e9\u00e2tre est unique et il ne sera jamais pareil m\u00eame pour un m\u00eame th\u00e8me, car le temps et espace sont les facteurs cl\u00e9s du th\u00e9\u00e2tre. Jou\u00e9 par des hommes de chaire et non des repr\u00e9sentations d&rsquo;image froide, un th\u00e9\u00e2tre est un monde d&rsquo;\u00e9motion o\u00f9 vous pouvez sentir les \u00e9motions des acteurs, o\u00f9 vous pouvez vous identifier par rapport \u00e0 l&rsquo;action et l&rsquo;\u00e9v\u00e9nement qui se d\u00e9roule. Quel acteur \u00eates-vous ? Vous aurez la r\u00e9ponse en allant au th\u00e9\u00e2tre. C&rsquo;est aussi un endroit r\u00eav\u00e9 pour faire des rendez-vous avec votre amoureux, car c&rsquo;est un endroit romantique o\u00f9 vous pouvez partager votre flamme et votre sensibilit\u00e9.<\/p>\n<p>&nbsp;<\/p>\n<h2>Le d\u00e9m\u00e9nagement<\/h2>\n<p>&nbsp;<\/p>\n<p>Vous avez trouv\u00e9 une nouvelle maison et vous ne savez pas quoi faire ? Vous avez besoin d&rsquo;aide pour le transport de vos meubles ? Vous pouvez loyer le service d&rsquo;une entreprise de d\u00e9m\u00e9nagement pour faciliter le transport. Que ce soit pour le d\u00e9m\u00e9nageur <a href=\"https:\/\/demenageur.com\">demenageur.com<\/a>\u00a0, d\u00e9m\u00e9nagement <a href=\"https:\/\/demenageur.com\/demenagement\/\">demenageur.com\/demenagement\/<\/a>\u00a0, devis d\u00e9m\u00e9nagement <a href=\"https:\/\/demenageur.com\/devis-demenagement\/\">demenageur.com\/devis-demenagement\/<\/a>\u00a0, garde meuble\u00a0, les entreprises de d\u00e9m\u00e9nagement sont habitu\u00e9es \u00e0 fournir enti\u00e8rement satisfaction \u00e0 tous leurs clients. Cependant, il existe diff\u00e9rents documents \u00e0 pr\u00e9parer obligatoires et diff\u00e9rentes proc\u00e9dures \u00e0 faire lors d&rsquo;un d\u00e9m\u00e9nagement. L&rsquo;autorisation de stationnement en fait partie. L&rsquo;autorisation de stationnement est utile, car les voitures de d\u00e9m\u00e9nagement vont occuper un certain temps des places pour faciliter le chargement ainsi que le d\u00e9chargement des meubles et \u00e9quipements. Informer le service de la Poste pour les informer du changement votre d&rsquo;adresse. Informer aussi les services de gaz, d&rsquo;eau, d&rsquo;\u00e9lectricit\u00e9, d&rsquo;internet, votre assureur, votre mutuelle et votre banque du changement d&rsquo;adresse. Si besoin, il faut prendre quelques jours de cong\u00e9.<\/p>\n<p>&nbsp;<\/p>\n<h2>L&rsquo;assurance vie<\/h2>\n<p>&nbsp;<\/p>\n<p>Nous avons besoin d&rsquo;une garantie quelles que soient les activit\u00e9s que l&rsquo;on fait dans la vie. La garantie \u00e0 but d&rsquo;offrir \u00e0 ce que l&rsquo;on aime de l&rsquo;argent, une aide au cas o\u00f9 surviendrait l&rsquo;impensable, la mort. On appelle cette garantie l&rsquo;assurance vie. L&rsquo; assurance vie lassurancevie.fr\u00a0comme son nom l&rsquo;indique et une forme d&rsquo;assurance. Cependant, bien que l&rsquo;on par ici de vie, l&rsquo;assurance vie est un contrat d&rsquo;assurance d\u00e9c\u00e8s. Une somme assez cons\u00e9quent sera vers\u00e9 au cas o\u00f9 il y a d\u00e9c\u00e8s. Un autre bon placement est le viager\u00a0.La somme est calcul\u00e9e par rapport aux primes vers\u00e9es durant les ann\u00e9es en plus de quelque int\u00e9r\u00eat. La souscription \u00e0 une assurance vie est simple et c&rsquo;est un des investissements les plus s\u00fbrs.<\/p>\n<p>&nbsp;<\/p>\n<h2>Les visas pour l&rsquo;\u00e9tranger<\/h2>\n<p>&nbsp;<\/p>\n<p>Que ce soit pour affaire ou vacances, il existe quatre destinations incontournables \u00e0 savoir : la Chine, la Russie, l&rsquo;Inde et le Vietnam. Afin de circuler librement dans ces Pays, vous aurez besoin de plusieurs visas \u00e0 savoir : visa chine visachine.fr\u00a0, visa russie , visa inde , visa vietnam\u00a0. L&rsquo;utilit\u00e9 d&rsquo;un visa est de permettre au Pays \u00e9tranger de contr\u00f4ler, de g\u00e9rer au mieux l&rsquo;immigration et de g\u00e9rer par la m\u00eame occasion son territoire. Un visa comprend plusieurs informations comme : l&rsquo;autorit\u00e9 qui l&rsquo;a d\u00e9lir\u00e9, la date de d\u00e9livrance, la dur\u00e9e de s\u00e9jour, la dur\u00e9e d&rsquo;utilisation et le motif par exemple pour le travail, familial, etc. Un visa prouve que vous \u00eates accept\u00e9 par l&rsquo;autorit\u00e9 du Pays \u00e0 vous rendre dans le Pays suivant le motif du s\u00e9jour.<\/p>\n<p>&nbsp;<\/p>\n<h2>Les croisi\u00e8res<\/h2>\n<p>&nbsp;<\/p>\n<p>Ce n&rsquo;est pas la destination qui compte, mais le voyage. Et quoi de plus apaisant que de le faire en bateau. Voyager sur un navire de croisi\u00e8re\u00a0ou sur un vaste paquebot est devenu une forme de tourisme. De ce fait, les croisi\u00e8res sont devenues les moyens les plus s\u00fbrs et le plus confortable des moyens de d\u00e9placement. C&rsquo;est aussi un moment de d\u00e9tente o\u00f9 vous pouvez vous amuser avec votre famille ou votre partenaire. Une croisi\u00e8re est un voyage o\u00f9 vous avez votre propre espace, votre chez vous, votre propre cabine tr\u00e8s confortable. La croisi\u00e8re est un moyen qui vous permet de vous sortir de votre quotidien, de l&rsquo;ordinaire de tous les jours. Ainsi, il existe plusieurs activit\u00e9s et de programme lors d&rsquo;une croisi\u00e8re. Par exemple, des spectacles, des buffets et beaucoup d&rsquo;activit\u00e9 comme : jouez dans une piscine, se d\u00e9tendre en faisant un peu de bronzage et pourquoi ne pas jouer \u00e0 des jeux de casino.<\/p>\n<p>&nbsp;<\/p>\n<h2>Les safaris<\/h2>\n<p>&nbsp;<\/p>\n<p>Vous vous lassez d&rsquo;aller au zoo, vous voulez voir comment les animaux vivent en dehors de leurs cages d&rsquo;acier. Vous voulez voir en pleine action l&rsquo;instinct animal, sauvage qui anime r\u00e9ellement ces animaux. Vous n&rsquo;avez pas peur de l&rsquo;inconnu et vous avez soif d&rsquo;aventure ? Alors, faire du safari \u00e0 la source, en Afrique vous fera le plus grand bien. Il n&rsquo;existe que peu d&rsquo;endroits o\u00f9 la vie sauvage existe encore o\u00f9 la flore et la faune ont \u00e9t\u00e9 pr\u00e9serv\u00e9es. De ce fait, il n&rsquo;existe que peu de safaris qui proposent au visiteur des safaris dignes de ce nom \u00e0 savoir : safari afrique\u00a0, safari afrique du sud\u00a0safari kenya\u00a0, safari tanzanie\u00a0.\u00a0Bien que vous ayez \u00e0 c\u00f4toyer de pr\u00eat des animaux sauvages, votre s\u00e9curit\u00e9 sera assur\u00e9e par des gardes exp\u00e9riment\u00e9s et des cages annihilant le risque de se blesser.<\/p>\n<p>Vous avez besoin d&rsquo;un monte meuble\u00a0<a href=\"https:\/\/www.demenageur.com\/comment-louer-un-monte-meuble-combien-cela-coute-t-il\/\">https:\/\/www.demenageur.com\/comment-louer-un-monte-meuble-combien-cela-coute-t-il\/<\/a><\/p>\n<p>&nbsp;<\/p>\n<p>&nbsp;<\/p>\n","protected":false},"excerpt":{"rendered":"<p>Pourquoi aller au th\u00e9\u00e2tre ? &nbsp; Un th\u00e9\u00e2tre est un spectacle o\u00f9 il y a illusion de v\u00e9rit\u00e9. Il se passe dans un endroit sp\u00e9cialement am\u00e9nager pour les repr\u00e9sentations. Ceci permet \u00e0 tous les spectateurs de vivre des \u00e9v\u00e8nements qui sont mis en action par les acteurs. Jou\u00e9 par des professionnels pour accentuer la vraisemblance, &hellip; <\/p>\n<p class=\"link-more\"><a href=\"https:\/\/www.theatretoujoursalhorizon.com\/\" class=\"more-link\">Continue reading<span class=\"screen-reader-text\"> \u00ab\u00a0Th\u00e9atre toujours \u00e0 l&rsquo;horizontal\u00a0\u00bb<\/span><\/a><\/p>\n","protected":false},"author":1,"featured_media":0,"parent":0,"menu_order":0,"comment_status":"closed","ping_status":"closed","template":"","meta":[],"_links":{"self":[{"href":"https:\/\/www.theatretoujoursalhorizon.com\/index.php\/wp-json\/wp\/v2\/pages\/6"}],"collection":[{"href":"https:\/\/www.theatretoujoursalhorizon.com\/index.php\/wp-json\/wp\/v2\/pages"}],"about":[{"href":"https:\/\/www.theatretoujoursalhorizon.com\/index.php\/wp-json\/wp\/v2\/types\/page"}],"author":[{"embeddable":true,"href":"https:\/\/www.theatretoujoursalhorizon.com\/index.php\/wp-json\/wp\/v2\/users\/1"}],"replies":[{"embeddable":true,"href":"https:\/\/www.theatretoujoursalhorizon.com\/index.php\/wp-json\/wp\/v2\/comments?post=6"}],"version-history":[{"count":8,"href":"https:\/\/www.theatretoujoursalhorizon.com\/index.php\/wp-json\/wp\/v2\/pages\/6\/revisions"}],"predecessor-version":[{"id":19,"href":"https:\/\/www.theatretoujoursalhorizon.com\/index.php\/wp-json\/wp\/v2\/pages\/6\/revisions\/19"}],"wp:attachment":[{"href":"https:\/\/www.theatretoujoursalhorizon.com\/index.php\/wp-json\/wp\/v2\/media?parent=6"}],"curies":[{"name":"wp","href":"https:\/\/api.w.org\/{rel}","templated":true}]}}